{"id":1062,"date":"2022-12-19T20:49:05","date_gmt":"2022-12-19T20:49:05","guid":{"rendered":"https:\/\/gestiongyd.cl\/?post_type=product&#038;p=1062"},"modified":"2025-05-26T13:58:45","modified_gmt":"2025-05-26T13:58:45","slug":"bomba-de-condensado-quick-fit","status":"publish","type":"product","link":"https:\/\/gestiongyd.cl\/index.php\/producto\/bomba-de-condensado-quick-fit\/","title":{"rendered":"BOMBA DE CONDENSADO QUICK FIT"},"content":{"rendered":"<p>Basada en datos 230 VAC 50Hz<br \/>\nFlujo m\u00e1x. 10 l\/h @ 0 head<br \/>\nAltura m\u00e1x. 8 m<br \/>\ndB(A) 23<br \/>\nFuente de poder 230 VAC 50-60Hz 16W<br \/>\nClasificaci\u00f3n Discontinuo<br \/>\nClase II dispositivo<br \/>\nSalida m\u00e1x. de la unidad 8.75 kW \/ 29,850 Btu\/h<br \/>\nTemperatura m\u00e1x. del agua 40\u00b0C \/ 104\u00b0F<br \/>\nTubo de descarga 6 mm DI<br \/>\nInterruptor de seguridad 3,0A<br \/>\nNormalmente cerrada<br \/>\nProtecci\u00f3n t\u00e9rmica<br \/>\nCompletamente sellado<br \/>\nAutocebado<\/p>\n","protected":false},"excerpt":{"rendered":"<p>Basada en datos 230 VAC 50Hz Flujo m\u00e1x. 10 l\/h @ 0 head Altura m\u00e1x. 8 m dB(A) 23 Fuente de poder 230 VAC 50-60Hz 16W Clasificaci\u00f3n Discontinuo Clase II dispositivo Salida m\u00e1x. de la unidad 8.75 kW \/ 29,850<\/p>\n","protected":false},"featured_media":1063,"comment_status":"open","ping_status":"closed","template":"","meta":[],"product_brand":[],"product_cat":[61],"product_tag":[],"class_list":{"0":"post-1062","1":"product","2":"type-product","3":"status-publish","4":"has-post-thumbnail","6":"product_cat-partes-a-c-aire-acondicionado","8":"first","9":"instock","10":"purchasable","11":"product-type-simple"},"_links":{"self":[{"href":"https:\/\/gestiongyd.cl\/index.php\/wp-json\/wp\/v2\/product\/1062","targetHints":{"allow":["GET"]}}],"collection":[{"href":"https:\/\/gestiongyd.cl\/index.php\/wp-json\/wp\/v2\/product"}],"about":[{"href":"https:\/\/gestiongyd.cl\/index.php\/wp-json\/wp\/v2\/types\/product"}],"replies":[{"embeddable":true,"href":"https:\/\/gestiongyd.cl\/index.php\/wp-json\/wp\/v2\/comments?post=1062"}],"wp:featuredmedia":[{"embeddable":true,"href":"https:\/\/gestiongyd.cl\/index.php\/wp-json\/wp\/v2\/media\/1063"}],"wp:attachment":[{"href":"https:\/\/gestiongyd.cl\/index.php\/wp-json\/wp\/v2\/media?parent=1062"}],"wp:term":[{"taxonomy":"product_brand","embeddable":true,"href":"https:\/\/gestiongyd.cl\/index.php\/wp-json\/wp\/v2\/product_brand?post=1062"},{"taxonomy":"product_cat","embeddable":true,"href":"https:\/\/gestiongyd.cl\/index.php\/wp-json\/wp\/v2\/product_cat?post=1062"},{"taxonomy":"product_tag","embeddable":true,"href":"https:\/\/gestiongyd.cl\/index.php\/wp-json\/wp\/v2\/product_tag?post=1062"}],"curies":[{"name":"wp","href":"https:\/\/api.w.org\/{rel}","templated":true}]}}