{"id":128,"date":"2014-05-31T17:26:27","date_gmt":"2014-05-31T17:26:27","guid":{"rendered":"http:\/\/demo.themegrill.com\/accelerate\/?page_id=128"},"modified":"2025-05-22T14:33:50","modified_gmt":"2025-05-22T14:33:50","slug":"about-us-2","status":"publish","type":"page","link":"https:\/\/gestiongyd.cl\/index.php\/about-us-2\/","title":{"rendered":"Sobre Nuestra Empresa"},"content":{"rendered":"<p>Somos una empresa dedicada a la gesti\u00f3n y eficacia al momento de entrega&nbsp; de los productos a nuestros clientes. Desde el a\u00f1o 2014 estamos en el rubro de aire acondicionado especializ\u00e1ndonos en diversas \u00e1reas de la climatizaci\u00f3n.<\/p>\n\n\n<figure class=\"wp-block-pullquote has-border-color has-white-color has-text-color\" style=\"border-color:#000000\"><blockquote><p><strong>\u201cEst\u00e1 bien celebrar el \u00e9xito pero es m\u00e1s importante prestar atenci\u00f3n a las lecciones del fracaso\u201d.<\/strong><\/p><cite><strong>Bill Gates<\/strong><\/cite><\/blockquote><\/figure>\n\n\n\n<h1 class=\"wp-block-heading\">Nuestro Equipo<\/h1>\n\n\n\n<figure class=\"wp-block-table alignwide\"><table><tbody><tr><td><strong>Nombre<\/strong><\/td><td><strong>Cargo<\/strong><\/td><td><strong>Contacto <\/strong><\/td><td><strong>Celular<\/strong><\/td><\/tr><tr><td>Daniel Gacit\u00faa De la Fuente<\/td><td>Administraci\u00f3n General<\/td><td>dgacitua@gestiongyd.cl<\/td><td>+56986696796<\/td><\/tr><tr><td>Andrea Dur\u00e1n Flores<\/td><td>Ventas<\/td><td>aduran@gestiongyd.cl<\/td><td>+56978646940<\/td><\/tr><tr><td>Daniel Vicente Gacit\u00faa <\/td><td>Inform\u00e1tica <\/td><td>vicente@gestiongyd.cl<\/td><td>+56950272607<\/td><\/tr><\/tbody><\/table><\/figure>\n\n\n\n<p><\/p>\n","protected":false},"excerpt":{"rendered":"<p>Somos una empresa dedicada a la gesti\u00f3n y eficacia al momento de entrega&nbsp; de los productos a nuestros clientes. Desde el a\u00f1o 2014 estamos en el rubro de aire acondicionado especializ\u00e1ndonos en diversas \u00e1reas de la climatizaci\u00f3n. \u201cEst\u00e1 bien celebrar<\/p>\n","protected":false},"author":1,"featured_media":129,"parent":0,"menu_order":0,"comment_status":"closed","ping_status":"closed","template":"","meta":{"footnotes":""},"class_list":["post-128","page","type-page","status-publish","has-post-thumbnail","hentry"],"_links":{"self":[{"href":"https:\/\/gestiongyd.cl\/index.php\/wp-json\/wp\/v2\/pages\/128","targetHints":{"allow":["GET"]}}],"collection":[{"href":"https:\/\/gestiongyd.cl\/index.php\/wp-json\/wp\/v2\/pages"}],"about":[{"href":"https:\/\/gestiongyd.cl\/index.php\/wp-json\/wp\/v2\/types\/page"}],"author":[{"embeddable":true,"href":"https:\/\/gestiongyd.cl\/index.php\/wp-json\/wp\/v2\/users\/1"}],"replies":[{"embeddable":true,"href":"https:\/\/gestiongyd.cl\/index.php\/wp-json\/wp\/v2\/comments?post=128"}],"version-history":[{"count":11,"href":"https:\/\/gestiongyd.cl\/index.php\/wp-json\/wp\/v2\/pages\/128\/revisions"}],"predecessor-version":[{"id":1321,"href":"https:\/\/gestiongyd.cl\/index.php\/wp-json\/wp\/v2\/pages\/128\/revisions\/1321"}],"wp:featuredmedia":[{"embeddable":true,"href":"https:\/\/gestiongyd.cl\/index.php\/wp-json\/wp\/v2\/media\/129"}],"wp:attachment":[{"href":"https:\/\/gestiongyd.cl\/index.php\/wp-json\/wp\/v2\/media?parent=128"}],"curies":[{"name":"wp","href":"https:\/\/api.w.org\/{rel}","templated":true}]}}

<p>Somos una empresa dedicada a la gestión y eficacia al momento de entrega&nbsp; de los productos a nuestros clientes. Desde el año 2014 estamos en el rubro de aire acondicionado especializándonos en diversas áreas de la climatización.</p>


<figure class="wp-block-pullquote has-border-color has-white-color has-text-color" style="border-color:#000000"><blockquote><p><strong>“Está bien celebrar el éxito pero es más importante prestar atención a las lecciones del fracaso”.</strong></p><cite><strong>Bill Gates</strong></cite></blockquote></figure>



<h1 class="wp-block-heading">Nuestro Equipo</h1>



<figure class="wp-block-table alignwide"><table><tbody><tr><td><strong>Nombre</strong></td><td><strong>Cargo</strong></td><td><strong>Contacto </strong></td><td><strong>Celular</strong></td></tr><tr><td>Daniel Gacitúa De la Fuente</td><td>Administración General</td><td>dgacitua@gestiongyd.cl</td><td>+56986696796</td></tr><tr><td>Andrea Durán Flores</td><td>Ventas</td><td>aduran@gestiongyd.cl</td><td>+56978646940</td></tr><tr><td>Daniel Vicente Gacitúa </td><td>Informática </td><td>vicente@gestiongyd.cl</td><td>+56950272607</td></tr></tbody></table></figure>



<p></p>

<p>Somos una empresa dedicada a la gestión y eficacia al momento de entrega&nbsp; de los productos a nuestros clientes. Desde el año 2014 estamos en el rubro de aire acondicionado especializándonos en diversas áreas de la climatización. “Está bien celebrar</p>
